) - 17/(-4) - -6516 composite?
False
Suppose -l + 3 + 2 = 0. Suppose -l*s = o + 29, 3*s - s = 2*o + 46. Is (-2172)/o - (-2)/4 a prime number?
False
Let w(c) = -2*c**3 + 9*c**2 + 5*c. Let r = -11 + 16. Let l be w(r). Suppose l = 5*n + 2*b - 739, -4*n + b + 152 = -3*n. Is n a prime number?
True
Let s = 25 - 18. Let w = 10 - s. Suppose w*f - 361 - 126 = 2*h, 162 = f - h. Is f prime?
True
Is 111311/7 + 160/(-35) + 4 prime?
True
Suppose 19*t - 11*t = 108152. Is t composite?
True
Suppose m + 2*n - 56 = 0, 399 = 5*m - 4*n + 77. Suppose 3*s = 1159 + m. Is s a composite number?
True
Is 3680 + 6/(36/(-6)) a composite number?
True
Let z(a) = -1382*a + 17. Let t = 33 + -39. Is z(t) a composite number?
True
Is 7/(-14)*(-4376)/2 prime?
False
Suppose 6*r - 2 = 5*r. Suppose -3*l = r*l - 24305. Is l a prime number?
True
Let u = 3475 + -1932. Is u a prime number?
True
Suppose -5*z + 148059 = 4*c, 2*z + 3*c = 7*c + 59246. Is z prime?
False
Suppose 3*a - 128 = 4*b - 27, a - 4*b - 47 = 0. Suppose -v = -75 - a. Is -1*v/(9/(-3)) composite?
True
Suppose 0*z + 150970 = 10*z. Is z a prime number?
False
Let r(y) be the first derivative of -y**3/3 + 2*y**2 + 7*y + 2. Let u be r(5). Is (u + -241)*(0 + -1) a prime number?
True
Let u(c) = -5505*c - 197. Is u(-2) composite?
True
Let q(n) = -n**3 + 715. Let b be q(0). Let j(d) = -d**3 - 27*d**2 - 11*d - 6. Let f be j(-26). Let r = f + b. Is r prime?
False
Let j(r) = -2*r**2 - 6*r + 6. Let u be j(-11). Suppose 5*m = -5*d - 20 + 5, 4*d + 11 = -5*m. Is u/(-6)*(2 + m) a prime number?
False
Let q(j) = 853*j - 14. Is q(1) a composite number?
False
Let f(k) = 4*k**3 + 2*k**2 - 2*k - 2. Let r = 6 + -9. Let y(n) = 4*n**3 + 2*n**2 - 3*n - 2. Let j(w) = r*y(w) + 4*f(w). Is j(3) a composite number?
False
Let t = -829 - -454. Is -1 + (-2)/(10/t) a composite number?
True
Suppose 2*c + 2*c = 16. Let s = 219 - c. Suppose -2*j + s = -111. Is j composite?
False
Let z = 2 + 3. Suppose -2*w + 3*g = -181 + 1045, -2135 = z*w + 5*g. Let v = w + 728. Is v prime?
False
Let v be ((-64)/(-12) - 4)/(2/6). Suppose 697 = 2*u - k, 5*u - 1053 = 2*u + v*k. Is u a prime number?
True
Let m(u) = 155*u + 97. Is m(24) prime?
False
Is (3/(-3))/(28978/(-9659) - -3) a prime number?
False
Let r = -4771 - -11370. Is r composite?
False
Suppose -4*u = -20 + 4. Suppose u + 32 = 4*z. Is ((-27)/z)/(3/(-353)) prime?
True
Let y(m) = 8*m + 2. Let j be y(-1). Let h(q) = q**2 + 5*q - 6. Let p be h(j). Suppose -c - 3*b + p*b = -25, 5*b = c - 25. Is c a prime number?
False
Let o = -3 + 3. Suppose -a + o + 2 = 0. Is ((-4)/16)/(a/(-152)) a prime number?
True
Suppose 14*a = 79891 + 64519. Is a a composite number?
True
Let h = 25033 + -7020. Is h composite?
False
Suppose 2519 + 1639 = 6*o. Suppose 4*x = 3*i + 202 + 371, -o = -5*x - 4*i. Suppose 5*f = -2*d + 597, -f + 0*d + 5*d + x = 0. Is f composite?
True
Let j be (1 - 2994/10)*(-25)/10. Is (-1 + 5)*j/8 prime?
True
Suppose 0 = -2*p - 8 - 0. Let c = 811 - 806. Is (-467)/p*20/c composite?
False
Let w = -6 - -19. Let a(t) = 4 + w + 112*t - 4. Is a(6) a prime number?
False
Suppose 0 = -3*z + 9, 3*z = -4*c + 5*c - 1936. Is c a composite number?
True
Is 8 + 9 + 8052 - 0 composite?
False
Let c(k) = -3*k + 13. Let z be c(8). Let f = 15 + z. Suppose f*a + 266 = -5*p + 1871, -p = -a + 390. Is a a prime number?
False
Suppose 0 = 19*i - 3*i - 1807568. Is i prime?
False
Let i(p) = -5443*p - 232. Is i(-3) composite?
False
Let m = 5 + 0. Let u(x) = 7 + 2 - m - 36*x - 9. Is u(-6) a prime number?
True
Let o be 159*-2*1/6. Let k(s) = 38*s + 2. Let n be k(5). Let c = n + o. Is c a prime number?
True
Suppose 5*s - 3117 = 2*s. Is s composite?
False
Let b = 30175 - 9852. Is b a composite number?
False
Let r = -16 - -20. Is (12/r - 1) + 2051 a composite number?
False
Let j(v) = v**2 + 3*v - 4630. Let a be j(0). Is a/(-3) + (-9)/27 a prime number?
True
Is ((-211)/2)/(0 + (-7)/238) a composite number?
True
Let q = 9 + -18. Let r = -32 - q. Let g = 39 - r. Is g a prime number?
False
Let r be 2/(-6) + (-40)/(-12). Suppose -r*l - 3037 = -4*i, i + l + l - 751 = 0. Is i a prime number?
True
Let i(m) = 2*m - 327. Let f(g) = g - 163. Let v(p) = -5*f(p) + 2*i(p). Suppose -k - 4 = 2*k - 2*z, 4*k - 2*z + 4 = 0. Is v(k) prime?
False
Let d(l) = l - 18. Let a be d(6). Is 67*(6/a)/((-1)/4) a composite number?
True
Suppose 3124 = 5*z + 899. Let d = 64 + -58. Suppose z = d*f - 989. Is f a composite number?
False
Suppose 4470 = c + 2*s - 5345, 5*c - 49062 = 3*s. Is c composite?
True
Let z(t) = 25*t + 22. Let j be z(9). Let l = j - -115. Is l composite?
True
Suppose 5*m + 180 = m. Is 2 + -4 + 4 - m prime?
True
Suppose 0 = -6*l + 3*l + 27. Let x be (-1)/(-2) - l/6. Is ((-322)/(-2))/(0 - x) composite?
True
Let x(z) be the second derivative of z**4/12 - z**2 - 4*z. Let u be x(2). Suppose -105 = u*s - 5*s. Is s prime?
False
Let p = -3568 + 6789. Is p a prime number?
True
Suppose 196*l + 691 = 197*l. Is l a prime number?
True
Let s(x) = -2617*x**3 + 13*x**2 - 25*x + 8. Let k(g) = -1745*g**3 + 9*g**2 - 17*g + 5. Let f(a) = 7*k(a) - 5*s(a). Is f(1) prime?
False
Let i = 11 + 87. Suppose -2*k - 4*j + 436 = 0, -k + 114 = -4*j - i. Let x = -67 + k. Is x a composite number?
False
Suppose 2*o - 4*j = -0*j + 374, -4*o + 4*j + 728 = 0. Suppose 3*z + o + 12 = 0. Is ((-2)/(-3))/((-6)/z) a prime number?
True
Is (-113397)/(-5)*(-150)/(-90) a composite number?
False
Suppose 5*u = -4*m + 61324, -4*u - 2*m + 49052 = 3*m. Is (-32)/(-208) + u/26 + -1 prime?
False
Suppose -16*y + 13*y + 58450 = -4*i, -3*y - 3*i = -58422. Is y a prime number?
False
Suppose 2*k - 114 = 44. Let y = k - 8. Is y composite?
False
Suppose 0 = 4*k + 86 - 274. Is k prime?
True
Suppose 2*y - 3*k - 748 = 250, 517 = y + 3*k. Is y a prime number?
False
Suppose 3*l - 3*j - 70371 = 0, -4*l - 7*j + 12*j + 93826 = 0. Is l a composite number?
False
Let j be 3570/(-75) - 2/5. Let h be (-440)/j - (-2)/(-12). Is 846/4 + h/6 a composite number?
True
Suppose 4*t = 4*d - 8, 3*t - d + 2 = d. Suppose -3*l - 2279 = -t*i, -3*i - 2*l + 3427 = 2*l. Is i a prime number?
False
Let b be (-9)/(-7) - (-4)/(-14). Suppose o - b = 4. Suppose 5*g = -o*z + 2385, -2*z + 3*g + 679 = -255. Is z prime?
False
Let k = 25 - 11. Suppose -68 = -3*o + 5*w, 0 = 3*o + 2*w - 26 - k. Suppose -4*c + 524 = o. Is c a composite number?
False
Let x(y) = -51*y**3 + 2*y**2 + 3*y - 5. Let a be x(2). Let s = 1066 + a. Is s composite?
True
Let g(m) = m**2. Let n be g(4). Let c = n - 14. Suppose -2*s = c*b - 258, 2*b - 37 = 3*s + 211. Is b composite?
False
Let c(h) = -4*h + 24. Let y be c(6). Let i(x) = -7*x + 77. Is i(y) composite?
True
Suppose -8*v + 3*s - 7*s = -4288, 3*v - 1607 = -2*s. Is v prime?
False
Suppose 3*n = -4*f - 3668, -n + 3*f - 3675 = 2*n. Let o = n + 1761. Is o composite?
True
Let z(x) = 27*x**3 + 19*x**2 - 29*x + 6. Is z(7) a prime number?
False
Let u(a) = 977*a**2 - 2*a. Suppose 6*h = 4*h - 2. Is u(h) composite?
True
Suppose -d + 6 = 3*q + 2, -q - 3*d - 12 = 0. Suppose 0*b + 30027 = 5*b - 4*a, -4*b + 24034 = q*a. Is b a composite number?
False
Let f be (-5)/15*-9*110. Let i = f - 32. Is i a prime number?
False
Is -54 + 57 + 1333 + 1 prime?
False
Suppose -7*z = 8*z - 37695. Is z a prime number?
False
Let i(m) = 1499*m + 12. Is i(5) a composite number?
False
Let i(t) = -t**3 + 10*t**2 - 8*t + 4. Let c be i(9). Let l be (4/6)/(c/18174). Is (-2)/(-3)*(l - -1) a composite number?
True
Suppose k + 13737 = b, k + 21768 - 76726 = -4*b. Is b a composite number?
True
Let r = 476 + 2823. Is r a composite number?
False
Let m(u) be the third derivative of -19*u**4/24 - 23*u**3/6 + 13*u**2. Is m(-6) a composite number?
True
Let z = 69191 - 43680. Is z prime?
False
Suppose 945 = 4*t - 1531. Is t composite?
False
Suppose -3*y + 242 - 68 = 0. Let w = y + 73. Is w composite?
False
Suppose 4*t + 10 = -26. Let p = 7 + t. Is (-42)/(-2)*p/(-2) a prime number?
False
Suppose 0 = -4*g + 2*g + 4*c + 11730, 3*c - 5840 = -g. Is g composite?
True
Let a(c) = c**2. Let x(k) = -3*k**2 - 2*k + 2. Let b(t) = 4*a(t) + x(t). Suppose -j + 0*j + 50 = 3*h, -2*h = -4*j - 24. Is b(h) a composite number?
True
Let w = 71756 + -21085. Is w prime?
True
Suppose -3*h = -2*o - 41 + 642, -o = -4*h - 313. Is o a prime number?
True
Let d(l) = -l**3 - l + 235. Let y be d(0). Suppose 4*f - y = -f. Let u = -